{"id":33,"date":"2016-03-24T14:28:13","date_gmt":"2016-03-24T14:28:13","guid":{"rendered":"http:\/\/sofram.fi\/wp\/?page_id=33"},"modified":"2025-04-09T17:00:37","modified_gmt":"2025-04-09T17:00:37","slug":"pizzat","status":"publish","type":"page","link":"https:\/\/sofram.fi\/index.php\/pizzat\/","title":{"rendered":"Pizzat"},"content":{"rendered":"<p>&lt;a href=&#8221;#ankkurilinkki&#8221; data-mce-href=&#8221;#ankkurilinkki&#8221;&gt;Katso lis\u00e4t\u00e4ytteet t\u00e4st\u00e4 +&lt;\/a&gt;<\/p>\n","protected":false},"excerpt":{"rendered":"&lt;a href=&#8221;#ankkurilinkki&#8221; data-mce-href=&#8221;#ankkurilinkki&#8221;&gt;Katso lis\u00e4t\u00e4ytteet t\u00e4st\u00e4 +&lt;\/a&gt;","protected":false},"author":1,"featured_media":0,"parent":0,"menu_order":0,"comment_status":"closed","ping_status":"closed","template":"","meta":[],"_links":{"self":[{"href":"https:\/\/sofram.fi\/index.php\/wp-json\/wp\/v2\/pages\/33"}],"collection":[{"href":"https:\/\/sofram.fi\/index.php\/wp-json\/wp\/v2\/pages"}],"about":[{"href":"https:\/\/sofram.fi\/index.php\/wp-json\/wp\/v2\/types\/page"}],"author":[{"embeddable":true,"href":"https:\/\/sofram.fi\/index.php\/wp-json\/wp\/v2\/users\/1"}],"replies":[{"embeddable":true,"href":"https:\/\/sofram.fi\/index.php\/wp-json\/wp\/v2\/comments?post=33"}],"version-history":[{"count":34,"href":"https:\/\/sofram.fi\/index.php\/wp-json\/wp\/v2\/pages\/33\/revisions"}],"predecessor-version":[{"id":267,"href":"https:\/\/sofram.fi\/index.php\/wp-json\/wp\/v2\/pages\/33\/revisions\/267"}],"wp:attachment":[{"href":"https:\/\/sofram.fi\/index.php\/wp-json\/wp\/v2\/media?parent=33"}],"curies":[{"name":"wp","href":"https:\/\/api.w.org\/{rel}","templated":true}]}}